hat is the units digit of z?
5
Suppose 4*g - 245 = -5*q - g, -4*q - 2*g = -190. What is the units digit of q?
6
Suppose 6*n - 264 = 522. What is the units digit of n?
1
Suppose 20 = 5*k - 5. Suppose 4*p - 104 = k*b, 3*b + 50 = -3*p + 5*p. What is the tens digit of p?
3
Let t(d) = 2*d - 12. Let u be t(8). Let l = 7 - u. What is the tens digit of l/5 - (-204)/10?
2
Let p = -11 + 15. Suppose -4*d = 2*s + 4, 5*d + 1 = 2*s - p. Let o = 15 - s. What is the units digit of o?
5
Suppose 2*g - g + 5*x + 20 = 0, -4*x - 40 = -4*g. Let n = -15 - -11. Let i = n + g. What is the units digit of i?
1
Suppose -110 = -a - 0*o + 2*o, 98 = a - 5*o. What is the units digit of a?
8
Suppose -7*k - 26 = -9*k. Let n = 1 + k. What is the tens digit of n?
1
Let d(z) = z - 2. Let b be d(7). Suppose b*w = 8*w - 99. What is the units digit of w?
3
What is the tens digit of 565/7 - (-2)/7?
8
Let c(w) = 2*w - 1. Let o be c(2). Let d(a) = a**3 - 15*a**2 + 14*a - 1. Let g be d(14). What is the units digit of (-52)/(-12) + g/o?
4
Let y(m) = 5 - 4 + 2*m + 4 - m. What is the units digit of y(4)?
9
Suppose -20 + 66 = 5*i + 3*h, -2*i = -h - 25. Suppose -5*b + 109 = -i. What is the units digit of b?
4
Let k = -24 - -33. What is the units digit of k?
9
Let c(r) = -r**2 - 5*r - 1. Let v be c(-4). Let g = 3 + 1. Suppose 7 = g*d + v. What is the units digit of d?
1
Suppose w - 5 = -3*u, 5*w - 41 + 16 = u. Suppose u = -0*p + p + 4. Let x = 0 - p. What is the units digit of x?
4
What is the units digit of (-15)/20 - 1475/(-20)?
3
Let z(j) = -j - 1. Let i be z(2). Let p = i - -12. Suppose 1 + p = c. What is the units digit of c?
0
Suppose 834 = 3*w + 2*w + p, 4*w + 4*p = 680. What is the hundreds digit of w?
1
Suppose 6*c - 12 = 3*c. Suppose -c*o + 4*r = 5*r - 14, -o + 12 = -4*r. What is the units digit of o?
4
Let j = 7 + -18. Suppose -3 + 51 = -4*o - 4*k, -2*k = 3*o + 41. Let q = j - o. What is the units digit of q?
6
Let a(x) = 3*x - 6*x - 2 + 0*x + 1. What is the units digit of a(-4)?
1
Let q be -53*(3 + -3 + 1). Let b = q + 76. What is the tens digit of b?
2
Suppose 1229 + 2112 = 13*a. What is the hundreds digit of a?
2
Suppose -3*u - 2*l - 2*l = -307, -u + 5*l = -77. What is the units digit of u?
7
Let u(c) = 2*c**3 + c**2 + 5*c - 5. What is the tens digit of u(2)?
2
Suppose 2*z - 26 = -6. Suppose -w = 2*k - z, 2*k - 2 = w - 2*k. What is the units digit of w?
6
Let d be (-2 + 40/6)*-3. What is the units digit of 4/d - (-1141)/49?
3
Let t = 22 + -33. Let o = 18 + t. What is the units digit of o?
7
Suppose 30 = -b + 6*b. Let u(j) = j. What is the units digit of u(b)?
6
Let o = 3 - 7. Let y be (2/1)/(-4)*o. Suppose 0*r = -y*r + 8. What is the units digit of r?
4
Let s be 9/(-18)*(0 + 0). Suppose s*l + 25 = l. What is the units digit of l?
5
Let a = -1 - -3. Suppose 0 = -2*j - 2 + 6. Let h = a + j. What is the units digit of h?
4
Let d = -16 + 15. What is the units digit of (-10)/(-2)*(d - -3)?
0
Let y(v) = v**3 - 8*v**2 + 2. Let s be y(8). Suppose -4*i = x - 84 + 24, -75 = -s*x + i. What is the units digit of x?
0
Let p(l) = l - 1. Let o be p(0). Let y(u) = -u**3 - u**2 - u + 1. Let z(g) = 2*g**3 + 3*g**2 + g. Let n(k) = o*z(k) - y(k). What is the units digit of n(-3)?
8
Let u = 5 + -1. Suppose -2*b = -p + 13, -2*p + u*b - b = -23. What is the units digit of p?
7
What is the tens digit of (-1120)/(-21) + (-2)/6?
5
Let k(j) = j + 16. Let a be k(-8). Suppose -3*x + 32 = a. What is the units digit of x?
8
Suppose 0 = -2*t - 0 + 10. Let j(k) = -3*k**2 + 5*k - 7. Let a(g) = -7*g**2 + 9*g - 15. Let u(c) = -2*a(c) + 5*j(c). What is the units digit of u(t)?
5
Let f(j) = -j**2 + 5*j - 1. Let p be f(5). Let i be 2*(p + 3 + 0). Suppose i*h - 3*h - 2 = 0. What is the units digit of h?
2
Let i(k) = -k - 22*k**3 + 0*k**2 - k**2 - 1 - 2*k + k. What is the units digit of i(-1)?
2
What is the tens digit of -1*(2 + (1 - 2)) + 115?
1
Let t(j) = 5*j**2 - 2. Let z(b) = -49*b**2 + 21. Let l(y) = 21*t(y) + 2*z(y). Let o(m) = m. Let n be o(1). What is the units digit of l(n)?
7
Let d = -211 + 331. Suppose -4*a - 3*s + 160 = 0, a + 2*a - d = 2*s. What is the tens digit of a?
4
Let j = 7 - 9. Let y be (j/3)/(6/(-27)). Suppose 2*c = 6, 2*f + 5*c = 30 + y. What is the units digit of f?
9
Suppose -4 = -4*p + 2*p. Suppose -3*u - 5*y + 40 = 2*u, 0 = p*y - 4. What is the units digit of u?
6
Let m = -103 + 171. What is the units digit of m?
8
Suppose 10*s + 165 = 13*s. What is the units digit of s?
5
Suppose 3*v + k = 118, -2*k = v - 4*k - 30. What is the tens digit of v?
3
Let h = -8 + 11. Suppose -2*b = 8*y - 3*y - 28, -5*b = h*y - 32. What is the units digit of y?
4
Let c = 2 - 0. Suppose 0 = j - 5*h - 21, 4*j + h + 0 = 21. What is the units digit of j - (2 - c - -1)?
5
What is the tens digit of (-150)/(-4) - 8/(-16)?
3
Let h(d) = -3*d - 2. Let v(j) = j + 1. Let n(a) = -2*h(a) - 5*v(a). Let r be n(4). Suppose 0 = -6*m + m - r*o - 4, -m = o + 2. What is the units digit of m?
1
Let r be 1/(1 - 0) + 1. Let s be (4/6)/(r/(-12)). Let g = 7 + s. What is the units digit of g?
3
Let r(t) = t**2 + 10*t + 13. Suppose -5*s + 19 = -d, -5*s + 28 = -2*d - 0. What is the units digit of r(d)?
4
Let f = 1 + -1. Suppose f*q - 1 = -q. What is the units digit of q?
1
Let j = -16 - -35. Let p = j + 1. What is the units digit of p?
0
Let n(q) = 3*q**2 - 9*q + 13. What is the tens digit of n(-7)?
2
Let v be (-5)/((-2)/64*2). Suppose -4*u + 2*w - v = 36, -119 = 5*u + 4*w. What is the units digit of (-4)/10 - u/5?
5
Let y be (-12 - 0)*5/(-10). Let h = y + 0. What is the units digit of h?
6
What is the units digit of 5*((-83)/(-5) - 1)?
8
Let w(y) = y**3 + 9*y**2 + 9*y + 10. Let x be w(-8). Let z(c) = -c - 2*c - c - c**3 - 7*c**x - 3*c + 1. What is the units digit of z(-6)?
7
Let s(q) = 2*q**3 + q**2. What is the units digit of s(1)?
3
Suppose -6 = 4*f + 10. Let j(v) = 6 - 3*v + 2*v + 6*v + v**2. What is the units digit of j(f)?
2
Suppose -3*t + 5*t = -4. What is the tens digit of (6/9)/(t/(-102))?
3
Let q = 10 - -22. What is the units digit of q?
2
Suppose 4*z - 4 = -0, -4*a + 5*z + 3 = 0. Suppose 0 - 4 = -a*h. Let f = 4 - h. What is the units digit of f?
2
Suppose 8*h - 810 = 3*h. What is the units digit of h?
2
Suppose -4*c - 8 = -2*c. Let z be (-10)/c*(-8)/(-10). What is the units digit of z/(-3)*(-45)/6?
5
Suppose 4*i - 1040 = -4*r - 48, 4*r - 5*i - 965 = 0. What is the tens digit of r?
4
Let y = 1 + -4. What is the tens digit of ((-30)/4)/(y/4)?
1
Let p(u) = -u**3 - u**2 + 3*u + 3. Let h be p(-2). Let f be h - 3/6*2. What is the units digit of (f + (-3)/12)*-4?
1
Let p be (4/3)/((-4)/(-18)). Suppose 0 = y - p*y, -3*y - 15 = -3*s. Suppose -a = -4 - s. What is the units digit of a?
9
Let g(d) = -d**2 - 7*d + 6. Let k be g(-7). Suppose y - k - 1 = 5*s, 0 = s - 5. What is the units digit of y?
2
Suppose 4*y - 5 = 7. What is the tens digit of y + -5 + 44/2?
2
Let f(a) = 11*a + 5. Let p be f(3). Let t = 53 - p. What is the units digit of t?
5
Let a(k) = k + 2. Let l be a(0). Suppose 0 = 3*m + l*m + 10. What is the units digit of (0 - (m - 3)) + 2?
7
Let q(t) = -4*t**3 + 2*t**2 - t + 6. Let n(g) = -11*g**3 + 5*g**2 - 3*g + 17. Let z(l) = 3*n(l) - 8*q(l). Let m be z(0). What is the units digit of (3/9)/(1/m)?
1
Let k(a) = -a**2 - 9*a + 5. Let d be k(-5). Let i = 8 - 3. Suppose i*z - 3*g + 4 - 64 = 0, 2*z - d = g. What is the tens digit of z?
1
Let u(l) = -l**3 - l**2 + l - 2. Let q be u(0). Let g be (1/(-3))/(q/30). Let z(c) = c**2 - 4*c + 5. What is the units digit of z(g)?
0
Let s(f) = f**2 + 5*f + 4. Let w be s(-4). Suppose w = r - 5*r + 88. What is the tens digit of r?
2
Let h(f) = -3*f - 34. What is the units digit of h(-18)?
0
Suppose -b + 6*b = 5*y + 50, 2*y = -3*b + 50. What is the units digit of b?
4
Suppose 2*l + 5*t = 20, 0*l - 4*t + 3 = -l. Suppose 5*h - 6 = -4*w, 4*w + 0*w - 14 = -h. What is the units digit of h/(-2 - 0)*l?
5
Let b(a) = 5*a + 6. What is the tens digit of b(6)?
3
Suppose 8*i + 3 = 7*i. What is the tens digit of -6*(i + (-5)/2)?
3
Suppose 3*h - 2*h = 4*t + 1, 0 = 3*h + 3*t - 3. Suppose 3 = k + h. What is the units digit of k?
2
Suppose -16 = -5*f - g - 53, -5*f = 5*g + 25. Let a = 4 + f. What is the units digit of (-26)/a - (-2)/(-4)?
6
Suppose -2*b + 6 = 0, 4*b = -0*m - 2*m + 24. Suppose -3*c + 7 = -3*n + 31, c